n) + 2*u(n). Suppose 0 = 4*w - 133 - 83. Calculate the remainder when w is divided by g(-7).
25
Let q(l) = 26 - 4*l - 86 + 49. Let x be (-2 + 1)/(1/9). What is the remainder when q(x) is divided by 13?
12
Let t(o) = o**2 + 3*o - 35. Suppose 3*g = -12, 10 + 26 = 4*a - 3*g. Calculate the remainder when t(a) is divided by 12.
7
Suppose 139 = 3*t + 1. Suppose 3*x + 0*x - 69 = -3*j, 0 = 2*j - x - t. Let o = 17101 + -17092. Calculate the remainder when j is divided by o.
5
Let q be (3 - 1)*(-2)/4 + 4. Let w be -3*(3 + -2) + 102/q. Suppose -k + 1 = -4*x, 4*k - w = -2*x + 27. What is the remainder when 63 is divided by k?
11
What is the remainder when 30 - -911 - (5 + 1) is divided by (1/(-2))/((-4)/552) + 3?
71
Suppose -3*m = -178*n + 179*n - 163, -535 = -4*n + m. What is the remainder when 259 is divided by n?
123
Suppose 8574 = 23*c - 9596. Suppose y - 160 = -3*u, 0 = 2*y - 7*y - 5*u + c. What is the remainder when y is divided by 20?
17
Suppose 2*o = 2*o - 2*o + 214. What is the remainder when 711 is divided by o?
69
Suppose -30 = 5*i, -20 = -j - 2*i - 12. Let n(a) = a**2 + 3*a + 1. What is the remainder when j is divided by n(-5)?
9
Suppose -5*v = -2*v - 141. Let f = -19782 + 19799. Calculate the remainder when v is divided by f.
13
Suppose 8*r - 3*r + w = 3857, 0 = -4*r - 5*w + 3073. Let s = r + -580. What is the remainder when s is divided by 3?
0
Let d = 214 + -176. Suppose 6*y = -12*y + 1314. What is the remainder when y is divided by d?
35
Suppose 3*p = 4*n + 1218, 2*p - 629 - 203 = -4*n. Calculate the remainder when p is divided by 85.
70
Suppose 3*r - 15 = 0, 2*r + 6 = -2*k - 2*k. What is the remainder when 1*(-1 + 26 - 2) is divided by 1/((-1 - k)/39)?
10
Suppose 334*b = 342*b - 176. What is the remainder when 2241 is divided by b?
19
Let g = 20309 + -16518. What is the remainder when g is divided by 43?
7
Let g(y) = 41*y**2 - 2*y - 3. Let b be g(-1). Suppose -3*q + 32 = j, 4*q + 7*j - b = 5*j. What is the remainder when 69 is divided by q?
9
Let v(f) = 10*f + 210. Let x be v(-21). Suppose x = -4*a - 3*z + 79, 6*a - 2*z + 38 = 8*a. What is the remainder when 108 is divided by a?
20
Suppose 0 = -5*d + 26*d - 105. Suppose 2*b - 16 = -2*x, 4*b + b - d*x = 40. Calculate the remainder when 68 is divided by b.
4
Suppose 0*v + 4*v - 16 = 0. Let b(t) = -6*t**2 - 21*t + 2. Let j be b(5). Let x = 268 + j. Calculate the remainder when x is divided by v.
3
Let s(v) = -7*v**2 - 9*v - 44. Let t(p) = 8*p**2 + 10*p + 42. Let h(q) = -7*s(q) - 6*t(q). Calculate the remainder when 109 is divided by h(0).
53
Let z = 0 - -12. Suppose 0 = 2*c - x - 32, 2*c + 2*c - 5*x = 58. Calculate the remainder when z is divided by 8/2 + c + -18 + 5.
4
Suppose 9*m = 209 - 56. Suppose m*s - 346 - 28 = 0. What is the remainder when (-3)/(-9)*-31*-6 is divided by s?
18
Let a(d) be the first derivative of -d**3/3 + d**2 + 19*d + 18. Let k be a(5). Let f = 13 - k. What is the remainder when 16 is divided by f?
7
Let s(m) = -13*m - 58. Let x = -36 + 66. Suppose -4*z - z = x. What is the remainder when 57 is divided by s(z)?
17
Calculate the remainder when 597 is divided by (50020/(-150))/(-41) - ((-4)/(-30) - 0).
5
Suppose -9*w + 75 = -6*w. Let g(n) = -n**3 - n**2 - 2*n - 106. Let a be g(0). Let j = -32 - a. Calculate the remainder when j is divided by w.
24
Let p(g) = -20*g + 735. Calculate the remainder when 1208 is divided by p(34).
53
Let u(c) = -2*c**3 - 33*c**2 + c - 100. Calculate the remainder when 518 is divided by u(-17).
2
Suppose -r - 3*a + 130 = 0, 411 = 4*r - 2*a - 81. Calculate the remainder when r is divided by 6.
4
Let s(w) be the second derivative of w**4/12 - 19*w**3/6 - 109*w**2/2 + 9*w - 4. Let i(n) = n + 11. Calculate the remainder when s(-5) is divided by i(-6).
1
Suppose 4*t + 943 = -5*j + 1260, 5*t - 4*j - 304 = 0. What is the remainder when 643 is divided by t?
31
Let p = -17598 + 17836. Calculate the remainder when 763 is divided by p.
49
Let v be (122/8 - -11)/((-6)/(-16)). Suppose 2*a - v = 160. Calculate the remainder when a is divided by 20.
15
Let u(h) be the second derivative of -h**5/20 - 5*h**4/6 - 19*h**3/6 - h**2/2 - h. Suppose -46*c - 82 = 286. Calculate the remainder when u(c) is divided by 9.
5
Let n = 233 - 199. Calculate the remainder when 5 - 0 - (2 - n) is divided by 12/(2 - 2/4).
5
Suppose -4*f - 403 = 3*v, -2*v = -3*f - f + 302. Let j = 225 + v. Calculate the remainder when j is divided by 29.
26
Suppose 143 = -5*d + 6*d. Suppose 0 = -4*w + 41 + d. Calculate the remainder when 39 is divided by (w + -1 + -3)*(-3)/(-6).
18
Let r(m) = 8*m + 24. Suppose -33*q + 175 = -8*q. What is the remainder when r(q) is divided by 28?
24
Let w(k) = -6*k**3 - 2*k**2 + 2*k - 1. Let t be w(2). Let g = t - -56. What is the remainder when 21 is divided by (1/g)/((-4)/(-72))?
3
Let u(g) = -g + 2. Let h be u(-6). Suppose h*f + 106 = 10*f. Calculate the remainder when (f/(-2))/((-4)/8) is divided by 6.
5
Suppose l - 18 = -2*l. Suppose -11 - l = -r. Suppose 166 = -3*u + 5*u. What is the remainder when u is divided by r?
15
Let q be (-1)/((5 + -3)*4/(-152)). Suppose -q*k = -9*k - 1260. What is the remainder when k is divided by 8?
6
Let s(m) = -17*m**3 + m**2 - 9*m - 6. Let z be s(-2). Suppose 5*d + 2*f - 156 = 0, 4*d - 3*f + 41 = z. What is the remainder when d is divided by 2?
0
Let i = 23 - 13. Let k be (-29)/(-2)*(-3)/(-6)*-4. Let p = k + 56. Calculate the remainder when p is divided by i.
7
Suppose -52*q = -54*q. Let u(o) = o**2 + 0*o**2 + o + 9 - o. What is the remainder when 34 is divided by u(q)?
7
Suppose -5*o - 5108 = -4*g + 6586, 7*g - 20424 = 2*o. What is the remainder when g is divided by 146?
142
Suppose 4207 - 1311 + 4036 = 4*h. What is the remainder when h is divided by 28?
25
Let z = 179 + -94. Suppose 0 = v - 2*b - 24, -5*v + 4*b + 41 = -z. What is the remainder when 51 is divided by v?
25
Calculate the remainder when (-12)/(2652/(-43061)) + (-2)/(-26)*2 is divided by 161.
34
Let x = 16 - 16. Suppose x - 6 = -3*n. Suppose -2*o + 0*o - n*d + 58 = 0, -3*o = -3*d - 81. What is the remainder when 82 is divided by o?
26
What is the remainder when 438 is divided by ((-1263)/6)/((-14)/196*7)?
17
Let d be 32 + -2 + (-2 - (-3 - -3)). Suppose 792 = -d*l + 34*l. Calculate the remainder when l is divided by 8.
4
Let v(u) = u**3 - u**2 - 13*u + 41. Calculate the remainder when 294 is divided by v(4).
35
Let i(t) = t**2 + 4*t - 35. Let c(r) = r**3 + 2*r + 2. Let v be c(-2). Calculate the remainder when 73 is divided by i(v).
23
Suppose 2*a = 40 + 36. Let s = a + 13. What is the remainder when 456 is divided by s?
48
Let z(s) = 498*s - 6453. Suppose -5*p + 800 = -0*p. What is the remainder when p is divided by z(13)?
13
Let f be 13 + 12/8*-2. Let t be 132/10*f/4. Suppose -4*k + 20 = 0, -h + 5*k = 3*k - t. Calculate the remainder when h is divided by 11.
10
Suppose 4*v = -r - 1, 4*v - 6*v - 18 = -2*r. Let a be 1/(3/99*-1). Let o = 53 + a. What is the remainder when o is divided by r?
6
Let p(l) = -1715*l + 12262. Calculate the remainder when p(7) is divided by (104/6)/((-1)/(-3)).
49
Suppose -2*q = -3*q + 47. Suppose 2*b - s = 5*s + 100, -4*b - 4*s + 104 = 0. What is the remainder when q is divided by b?
15
Calculate the remainder when 715 is divided by 280/7 + (-6 - (2 + -4)) + 5.
18
Let s be 15/10*8/(-6). Let z(j) = 69*j**2 - 4*j - 5. Let p be z(s). Suppose -p = -2*y - y. What is the remainder when y is divided by 19?
17
Let s = 643 + -647. Suppose -53 = -g - 5*t, -164 = -5*g + g - 4*t. Calculate the remainder when g is divided by ((-420)/14)/(8/s).
8
Let w(t) = 6*t + 47. Let f(o) = 17*o + 141. Let g(v) = 4*f(v) - 11*w(v). What is the remainder when 61 is divided by g(-8)?
30
Let m = -24568 + 24716. Calculate the remainder when 204 is divided by m.
56
Let l(q) = -q**3 + 4*q**2 - 4*q - 1. Let f be l(3). Let n(k) = 22*k + 117. Calculate the remainder when n(f) is divided by 15.
14
Let z(c) = 13*c - 587. What is the remainder when 1196 is divided by z(46)?
8
Let h = 8746 - 5715. Calculate the remainder when h is divided by 37.
34
Suppose -2*k + 2*q + 17202 = 0, -2*k = -4*q - 24571 + 7363. What is the remainder when k is divided by 20?
18
Let b(r) = 28*r**2 + r - 6. Let l be b(3). Let d = l - 111. Calculate the remainder when d is divided by 49.
40
Let l b